 digit of 104831?
3
What is the thousands digit of 384230?
4
What is the hundreds digit of 1884272?
2
What is the ten thousands digit of 9060049?
6
What is the tens digit of 5241472?
7
What is the units digit of 49886?
6
What is the units digit of 13430064?
4
What is the ten thousands digit of 416134?
1
What is the ten thousands digit of 22949354?
4
What is the units digit of 31509105?
5
What is the units digit of 26591?
1
What is the hundreds digit of 12095502?
5
What is the thousands digit of 3633823?
3
What is the ten thousands digit of 342240?
4
What is the hundreds digit of 3276329?
3
What is the hundred thousands digit of 566091?
5
What is the tens digit of 154622?
2
What is the units digit of 8014765?
5
What is the units digit of 50254?
4
What is the hundreds digit of 14274?
2
What is the hundred thousands digit of 434163?
4
What is the millions digit of 1581848?
1
What is the hundreds digit of 5074964?
9
What is the hundred thousands digit of 4766240?
7
What is the tens digit of 740026?
2
What is the hundreds digit of 7326025?
0
What is the ten thousands digit of 73201?
7
What is the ten thousands digit of 1145626?
4
What is the tens digit of 791691?
9
What is the units digit of 676263?
3
What is the millions digit of 1496624?
1
What is the ten thousands digit of 6486909?
8
What is the units digit of 7533469?
9
What is the millions digit of 4284062?
4
What is the units digit of 440439?
9
What is the ten thousands digit of 114119?
1
What is the millions digit of 17513772?
7
What is the hundreds digit of 2624454?
4
What is the thousands digit of 16363?
6
What is the units digit of 287454?
4
What is the hundreds digit of 1592391?
3
What is the tens digit of 56735?
3
What is the hundred thousands digit of 7952180?
9
What is the ten thousands digit of 359242?
5
What is the hundreds digit of 539907?
9
What is the hundreds digit of 173402?
4
What is the thousands digit of 5709014?
9
What is the hundred thousands digit of 1140972?
1
What is the hundred thousands digit of 4182609?
1
What is the tens digit of 1350557?
5
What is the hundreds digit of 5477150?
1
What is the ten thousands digit of 540831?
4
What is the hundreds digit of 23333?
3
What is the thousands digit of 6047368?
7
What is the hundred thousands digit of 397556?
3
What is the thousands digit of 154713?
4
What is the hundred thousands digit of 1047359?
0
What is the tens digit of 1231646?
4
What is the tens digit of 15366485?
8
What is the ten thousands digit of 1465389?
6
What is the ten thousands digit of 506655?
0
What is the hundred thousands digit of 331510?
3
What is the hundred thousands digit of 26825162?
8
What is the ten thousands digit of 2016216?
1
What is the hundreds digit of 218683?
6
What is the ten millions digit of 10632030?
1
What is the hundreds digit of 15413933?
9
What is the hundreds digit of 33916?
9
What is the hundred thousands digit of 5160065?
1
What is the thousands digit of 193160?
3
What is the thousands digit of 7015294?
5
What is the tens digit of 13882966?
6
What is the hundred thousands digit of 965471?
9
What is the tens digit of 14756234?
3
What is the units digit of 14739032?
2
What is the ten millions digit of 12267887?
1
What is the units digit of 1890907?
7
What is the hundred thousands digit of 232845?
2
What is the hundreds digit of 1031148?
1
What is the ten millions digit of 16694079?
1
What is the units digit of 510850?
0
What is the ten millions digit of 10144142?
1
What is the tens digit of 15709435?
3
What is the hundred thousands digit of 30316957?
3
What is the millions digit of 3451622?
3
What is the millions digit of 4395845?
4
What is the tens digit of 1209666?
6
What is the units digit of 1559842?
2
What is the hundred thousands digit of 17282756?
2
What is the thousands digit of 21214830?
4
What is the ten thousands digit of 155995?
5
What is the hundred thousands digit of 2600959?
6
What is the tens digit of 12114?
1
What is the tens digit of 269714?
1
What is the hundreds digit of 14732419?
4
What is the thousands digit of 17931460?
1
What is the tens digit of 3395709?
0
What is the tens digit of 4903109?
0
What is the thousands digit of 448663?
8
What is the hundreds digit of 264093?
0
What is the ten thousands digit of 627513?
2
What is the ten thousands digit of 235348?
3
What is the millions digit of 18324174?
8
What is the ten millions digit of 19310062?
1
What is the ten thousands digit of 2190140?
9
What is the hundred thousands digit of 3561651?
5
What is the hundred thousands digit of 4681594?
6
What is the hundred thousands digit of 15166672?
1
What is the millions digit of 7253117?
7
What is the millions digit of 2784534?
2
What is the hundreds digit of 3421424?
4
What is the hundred thousands digit of 582399?
5
What is the hundred thousands digit of 1080867?
0
What is the hundred thousands digit of 1096010?
0
What is the ten thousands digit of 25642625?
4
What is the thousands digit of 6285763?
5
What is the units digit of 7145626?
6
What is the hundred thousands digit of 183276?
1
What is the ten thousands digit of 1778014?
7
What is the hundred thousands digit of 15369052?
3
What is the tens digit of 160764?
6
What is the ten thousands digit of 1423847?
2
What is the units digit of 8843565?
5
What is the ten thousands digit of 289536?
8
What is the millions digit of 1808110?
1
What is the units digit of 197136?
6
What is the tens digit of 105525?
2
What is the ten thousands digit of 964306?
6
What is the units digit of 288963?
3
What is the thousands digit of 100710?
0
What is the hundred thousands digit of 998244?
9
What is the tens digit of 342548?
4
What is the units digit of 333437?
7
What is the ten thousands digit of 4999295?
9
What is the tens digit of 131840?
4
What is the ten millions digit of 10741002?
1
What is the tens digit of 145648?
4
What is the units digit of 29531?
1
What is the hundred thousands digit of 704299?
7
What is the units digit of 467002?
2
What is the hundreds digit of 34139891?
8
What is the ten thousands digit of 351461?
5
What is the ten thousands digit of 163916?
6
What is the millions digit of 4380151?
4
What is the units digit of 8959657?
7
What is the units digit of 89837?
7
What is the hundreds digit of 25593223?
2
What is the hundred thousands digit of 624330?
6
What is the ten thousands digit of 81033?
8
What is the ten thousands digit of 885234?
8
What is the thousands digit of 832388?
2
What is the tens digit of 73756?
5
What is the thousands digit of 2049013?
9
What is the hundreds digit of 1485389?
3
What is the thousands digit of 849223?
9
What is the ten thousands digit of 785689?
8
What is the ten thousands digit of 4462501?
6
What is the hundred thousands digit of 1839345?
8
What is the hundred thousands digit of 1743631?
7
What is the thousands digit of 3657341?
7
What is the thousands digit of 14349169?
9
What is the hundreds digit of 6209828?
8
What is the ten thousands digit of 415288?
1
What is the hundreds digit of 6411810?
8
What is the millions digit of 2651314?
2
What is the millions digit of 1653334?
1
What is the ten thousands digit of 3456417?
5
What is the hundreds digit of 26919724?
7
What is the units digit of 46992?
2
What is the hundred thousands digit of 571100?
5
What is the millions digit of 6447461?
6
What is the hundred thousands digit of 700314?
7
What is the thousands digit of 1893346?
3
What is the units digit of 3840?
0
What is the hundreds digit of 222071?
0
What is the thousands digit of 366354?
6
What is the thousands digit of 2921486?
1
What is the hundreds digit of 1126033?
0
What is the units digit of 2478852?
2
What is the hundreds digit of 457836?
8
What is the ten thousands digit of 29541?
2
What is the tens digit of 797802?
0
What is the units digit of 55869?
9
What is the units digit of 625027?
7
What is the tens digit of 36286749?
4
What is the ten thousands digit of 230786?
3
What is the ten thousands digit of 947011?
4
What is the hundred thousands digit of 1311555?
3
What is the thousands digit of 291970?
1
What is the thousands digit of 579382?
9
What is the hundreds digit of 529700?
7
What is the tens digit of 86058?
5
What is the thousands digit of 2988939?
8
What is the millions digit of 1414370?
1
What is the t